{"id":5,"date":"2020-11-26T11:41:54","date_gmt":"2020-11-26T14:41:54","guid":{"rendered":"http:\/\/ww3.sapucaia.ifsul.edu.br\/literaturaacessivel\/?page_id=5"},"modified":"2025-09-18T17:27:21","modified_gmt":"2025-09-18T20:27:21","slug":"programa-literatura-acessivel","status":"publish","type":"page","link":"http:\/\/ww3.sapucaia.ifsul.edu.br\/literaturaacessivel\/programa-literatura-acessivel\/","title":{"rendered":"Quem somos"},"content":{"rendered":"\n<div class=\"wp-block-columns has-white-background-color has-background is-layout-flex wp-container-core-columns-is-layout-28f84493 wp-block-columns-is-layout-flex\">\n<div class=\"wp-block-column is-layout-flow wp-block-column-is-layout-flow\">\n<h1 class=\"wp-block-heading has-text-align-left has-ast-global-color-2-color has-text-color\" style=\"font-size:30px\">Projeto Literatura Acess\u00edvel <\/h1>\n\n\n\n<h2 class=\"wp-block-heading has-text-align-left has-text-color\" style=\"color:#097982;font-size:22px\">Textos adaptados em Leitura F\u00e1cil<\/h2>\n<\/div>\n<\/div>\n\n\n\n<div style=\"height:10px\" aria-hidden=\"true\" class=\"wp-block-spacer\"><\/div>\n\n\n\n<div class=\"wp-block-columns has-ast-global-color-3-color has-white-background-color has-text-color has-background is-layout-flex wp-container-core-columns-is-layout-28f84493 wp-block-columns-is-layout-flex\">\n<div class=\"wp-block-column is-layout-flow wp-block-column-is-layout-flow\">\n<p class=\"has-text-color has-link-color wp-elements-8cff48a15dffe8c70332acb7d8244f55\" style=\"color:#4b535e;font-size:20px;line-height:1.9\">Somos um projeto desenvolvido no <a href=\"http:\/\/www.sapucaia.ifsul.edu.br\/\"><mark class=\"has-inline-color has-ast-global-color-1-color\">IFSUL (Instituto Federal Sul-rio-grandense)<br>no Campus Sapucaia do Sul<\/mark><\/a>, com o objetivo de tornar textos acess\u00edveis<br>a pessoas com dificuldades de leitura.<br>Em 2019 come\u00e7amos a pensar e pesquisar sobre adapta\u00e7\u00f5es de textos liter\u00e1rios<br>para pessoas com dificuldades de leitura, especialmente com defici\u00eancia intelectual.<br>Publicamos, ent\u00e3o, as releituras dos contos \u201cMeu Tio J\u00falio\u201d, de Guy de Maupassant<br>e \u201cA Cartomante\u201d, de Machado de Assis.<br>Em 2019 conhecemos a Leitura F\u00e1cil.<br>Em 2020 iniciamos o Programa Literatura F\u00e1cil, que incluiu projetos de pesquisa,<br>ensino e extens\u00e3o.<br>Adaptamos \u00e0 Leitura F\u00e1cil nosso primeiro conto, \u201cMissa do Galo\u201d,<br>de Machado de Assis, e o publicamos junto com um roteiro pedag\u00f3gico.<br>Em 2021 desenvolvemos o Projeto de Pesquisa \u201cManual de Leitura F\u00e1cil\u201d,<br>com a publica\u00e7\u00e3o do <mark class=\"has-inline-color has-ast-global-color-1-color\"><a href=\"http:\/\/omp.ifsul.edu.br\/index.php\/portaleditoraifsul\/catalog\/book\/243\">\u201cManual de Leitura F\u00e1cil para educadores\u201d<\/a><\/mark>.<br>Em 2022, iniciamos o projeto de pesquisa \u201cCompreens\u00e3o leitora de textos simplificados<br>de estudantes de ensino m\u00e9dio com dificuldades de leitura:<br>uma revis\u00e3o sistem\u00e1tica da produ\u00e7\u00e3o acad\u00eamica\u201d.<br>Em 2024 publicamos o livro <a href=\"https:\/\/pedroejoaoeditores.com.br\/produto\/leitura-facil-e-linguagem-simples-na-educacao-inclusiva-pelo-direito-de-entender\/\"><mark class=\"has-inline-color has-ast-global-color-1-color\">\u201cLeitura F\u00e1cil e Linguagem Simples na educa\u00e7\u00e3o inclusiva: pelo direito de entender&#8221;<\/mark><\/a>, pela Pedro e Jo\u00e3o Editores. Tamb\u00e9m em 2024 come\u00e7amos a primeira edi\u00e7\u00e3o do projeto de ensino \u201cClube de Leitura F\u00e1cil\u201d.<\/p>\n\n\n\n<p><\/p>\n<\/div>\n<\/div>\n\n\n\n<div style=\"height:38px\" aria-hidden=\"true\" class=\"wp-block-spacer\"><\/div>\n\n\n\n<div class=\"wp-block-columns has-white-background-color has-background has-link-color wp-elements-6dc1f47876dae8334f3aa373ddc3cb2e is-layout-flex wp-container-core-columns-is-layout-28f84493 wp-block-columns-is-layout-flex\" style=\"border-radius:30px\">\n<div class=\"wp-block-column is-layout-flow wp-block-column-is-layout-flow\">\n<h2 class=\"wp-block-heading has-text-align-left has-ast-global-color-1-color has-text-color\" style=\"font-size:30px\">Equipe atual<\/h2>\n\n\n\n<div style=\"height:31px\" aria-hidden=\"true\" class=\"wp-block-spacer\"><\/div>\n\n\n\n<div class=\"wp-block-columns is-layout-flex wp-container-core-columns-is-layout-28f84493 wp-block-columns-is-layout-flex\">\n<div class=\"wp-block-column is-layout-flow wp-block-column-is-layout-flow\">\n<div class=\"wp-block-columns is-layout-flex wp-container-core-columns-is-layout-28f84493 wp-block-columns-is-layout-flex\">\n<div class=\"wp-block-column is-layout-flow wp-block-column-is-layout-flow\" style=\"flex-basis:20%\"><\/div>\n\n\n\n<div class=\"wp-block-column is-layout-flow wp-block-column-is-layout-flow\" style=\"flex-basis:30%\">\n<figure class=\"wp-block-image alignfull size-large is-style-rounded\"><img decoding=\"async\" src=\"http:\/\/ww3.sapucaia.ifsul.edu.br\/literaturaacessivel\/wp-content\/uploads\/sites\/4\/2023\/08\/Foto-Vanessa.jpeg\" alt=\"\" \/><\/figure>\n<\/div>\n\n\n\n<div class=\"wp-block-column has-text-color is-layout-flow wp-block-column-is-layout-flow\" style=\"color:#4b535e;flex-basis:70%\">\n<p class=\"has-text-color\" style=\"color:#4b535e;font-size:20px;line-height:1.9\"><strong><strong>Vanessa de Oliveira Dagostim Pires<\/strong><\/strong><br>vanessapires@ifsul.edu.br<br>Coordenadora do projeto<br><a rel=\"noreferrer noopener\" href=\"http:\/\/lattes.cnpq.br\/3532159996497631\" target=\"_blank\">Curr\u00edculo Lattes<\/a><\/p>\n<\/div>\n\n\n\n<div class=\"wp-block-column is-layout-flow wp-block-column-is-layout-flow\" style=\"flex-basis:20%\"><\/div>\n<\/div>\n\n\n\n<div class=\"wp-block-columns is-layout-flex wp-container-core-columns-is-layout-28f84493 wp-block-columns-is-layout-flex\">\n<div class=\"wp-block-column is-layout-flow wp-block-column-is-layout-flow\" style=\"flex-basis:20%\"><\/div>\n\n\n\n<div class=\"wp-block-column is-layout-flow wp-block-column-is-layout-flow\" style=\"flex-basis:30%\">\n<figure class=\"wp-block-image alignfull size-large is-style-rounded\"><img decoding=\"async\" src=\"http:\/\/ww3.sapucaia.ifsul.edu.br\/literaturaacessivel\/wp-content\/uploads\/sites\/4\/2023\/08\/Foto-Suzana.jpeg\" alt=\"\" \/><\/figure>\n<\/div>\n\n\n\n<div class=\"wp-block-column is-layout-flow wp-block-column-is-layout-flow\" style=\"flex-basis:70%\">\n<p class=\"has-text-color\" style=\"color:#4b535e;font-size:20px;line-height:1.9\"><strong><strong><strong>Suzana Trevisan<\/strong><\/strong><\/strong><br>suzanatrevisan@ifsul.edu.br<br>Professora colaboradora<br><a rel=\"noreferrer noopener\" href=\"http:\/\/lattes.cnpq.br\/7087061001252131\" target=\"_blank\">Curr\u00edculo Lattes<\/a><\/p>\n<\/div>\n\n\n\n<div class=\"wp-block-column is-layout-flow wp-block-column-is-layout-flow\" style=\"flex-basis:20%\"><\/div>\n<\/div>\n\n\n\n<div class=\"wp-block-columns is-layout-flex wp-container-core-columns-is-layout-28f84493 wp-block-columns-is-layout-flex\">\n<div class=\"wp-block-column is-layout-flow wp-block-column-is-layout-flow\" style=\"flex-basis:20%\"><\/div>\n\n\n\n<div class=\"wp-block-column is-layout-flow wp-block-column-is-layout-flow\" style=\"flex-basis:30%\">\n<figure class=\"wp-block-image alignfull size-full is-style-rounded\"><img loading=\"lazy\" decoding=\"async\" width=\"786\" height=\"786\" src=\"http:\/\/ww3.sapucaia.ifsul.edu.br\/literaturaacessivel\/wp-content\/uploads\/sites\/4\/2023\/08\/Foto-Renata.jpeg\" alt=\"\" class=\"wp-image-264\" srcset=\"http:\/\/ww3.sapucaia.ifsul.edu.br\/literaturaacessivel\/wp-content\/uploads\/sites\/4\/2023\/08\/Foto-Renata.jpeg 786w, http:\/\/ww3.sapucaia.ifsul.edu.br\/literaturaacessivel\/wp-content\/uploads\/sites\/4\/2023\/08\/Foto-Renata-300x300.jpeg 300w, http:\/\/ww3.sapucaia.ifsul.edu.br\/literaturaacessivel\/wp-content\/uploads\/sites\/4\/2023\/08\/Foto-Renata-150x150.jpeg 150w, http:\/\/ww3.sapucaia.ifsul.edu.br\/literaturaacessivel\/wp-content\/uploads\/sites\/4\/2023\/08\/Foto-Renata-768x768.jpeg 768w, http:\/\/ww3.sapucaia.ifsul.edu.br\/literaturaacessivel\/wp-content\/uploads\/sites\/4\/2023\/08\/Foto-Renata-100x100.jpeg 100w\" sizes=\"auto, (max-width: 786px) 100vw, 786px\" \/><\/figure>\n<\/div>\n\n\n\n<div class=\"wp-block-column is-layout-flow wp-block-column-is-layout-flow\" style=\"flex-basis:70%\">\n<p class=\"has-text-color\" style=\"color:#4b535e;font-size:20px;line-height:1.9\"><strong>Renata Porcher Scherer<\/strong><br>renatascherer@ifsul.edu.br<br>Professora colaboradora<br><a href=\"https:\/\/lattes.cnpq.br\/5492100363304134\">Curr\u00edculo Lattes<\/a><\/p>\n<\/div>\n\n\n\n<div class=\"wp-block-column is-layout-flow wp-block-column-is-layout-flow\" style=\"flex-basis:20%\"><\/div>\n<\/div>\n\n\n\n<div class=\"wp-block-columns is-layout-flex wp-container-core-columns-is-layout-28f84493 wp-block-columns-is-layout-flex\">\n<div class=\"wp-block-column is-layout-flow wp-block-column-is-layout-flow\" style=\"flex-basis:20%\"><\/div>\n\n\n\n<div class=\"wp-block-column is-layout-flow wp-block-column-is-layout-flow\" style=\"flex-basis:30%\">\n<figure class=\"wp-block-image alignfull size-large is-style-rounded\"><img loading=\"lazy\" decoding=\"async\" width=\"1022\" height=\"1024\" src=\"http:\/\/ww3.sapucaia.ifsul.edu.br\/literaturaacessivel\/wp-content\/uploads\/sites\/4\/2023\/08\/Foto-Veronica-e1691442699142-1022x1024.jpeg\" alt=\"\" class=\"wp-image-301\" srcset=\"http:\/\/ww3.sapucaia.ifsul.edu.br\/literaturaacessivel\/wp-content\/uploads\/sites\/4\/2023\/08\/Foto-Veronica-e1691442699142-1022x1024.jpeg 1022w, http:\/\/ww3.sapucaia.ifsul.edu.br\/literaturaacessivel\/wp-content\/uploads\/sites\/4\/2023\/08\/Foto-Veronica-e1691442699142-300x300.jpeg 300w, http:\/\/ww3.sapucaia.ifsul.edu.br\/literaturaacessivel\/wp-content\/uploads\/sites\/4\/2023\/08\/Foto-Veronica-e1691442699142-150x150.jpeg 150w, http:\/\/ww3.sapucaia.ifsul.edu.br\/literaturaacessivel\/wp-content\/uploads\/sites\/4\/2023\/08\/Foto-Veronica-e1691442699142-768x769.jpeg 768w, http:\/\/ww3.sapucaia.ifsul.edu.br\/literaturaacessivel\/wp-content\/uploads\/sites\/4\/2023\/08\/Foto-Veronica-e1691442699142-100x100.jpeg 100w, http:\/\/ww3.sapucaia.ifsul.edu.br\/literaturaacessivel\/wp-content\/uploads\/sites\/4\/2023\/08\/Foto-Veronica-e1691442699142.jpeg 1066w\" sizes=\"auto, (max-width: 1022px) 100vw, 1022px\" \/><\/figure>\n<\/div>\n\n\n\n<div class=\"wp-block-column is-layout-flow wp-block-column-is-layout-flow\" style=\"flex-basis:70%\">\n<p class=\"has-text-color\" style=\"color:#4b535e;font-size:20px;line-height:1.9\"><strong><strong>Ver\u00f4nica Pasqualin Machado<\/strong><\/strong><br>veronicamachado@ifsul.edu.br<br>Professora colaboradora<br><a href=\"http:\/\/lattes.cnpq.br\/8799155757887701\">Curr\u00edculo Lattes<\/a><\/p>\n<\/div>\n\n\n\n<div class=\"wp-block-column is-layout-flow wp-block-column-is-layout-flow\" style=\"flex-basis:20%\"><\/div>\n<\/div>\n\n\n\n<div class=\"wp-block-columns is-layout-flex wp-container-core-columns-is-layout-28f84493 wp-block-columns-is-layout-flex\">\n<div class=\"wp-block-column is-layout-flow wp-block-column-is-layout-flow\" style=\"flex-basis:20%\"><\/div>\n\n\n\n<div class=\"wp-block-column is-layout-flow wp-block-column-is-layout-flow\" style=\"flex-basis:30%\">\n<figure class=\"wp-block-image alignfull size-full is-style-rounded\"><img loading=\"lazy\" decoding=\"async\" width=\"414\" height=\"552\" src=\"http:\/\/ww3.sapucaia.ifsul.edu.br\/literaturaacessivel\/wp-content\/uploads\/sites\/4\/2025\/09\/carolina_cosme-1.png\" alt=\"\" class=\"wp-image-636\" srcset=\"http:\/\/ww3.sapucaia.ifsul.edu.br\/literaturaacessivel\/wp-content\/uploads\/sites\/4\/2025\/09\/carolina_cosme-1.png 414w, http:\/\/ww3.sapucaia.ifsul.edu.br\/literaturaacessivel\/wp-content\/uploads\/sites\/4\/2025\/09\/carolina_cosme-1-225x300.png 225w\" sizes=\"auto, (max-width: 414px) 100vw, 414px\" \/><\/figure>\n<\/div>\n\n\n\n<div class=\"wp-block-column is-layout-flow wp-block-column-is-layout-flow\" style=\"flex-basis:70%\">\n<p class=\"has-text-color\" style=\"color:#4b535e;font-size:20px;line-height:1.9\"><strong><strong>Carolina Cosme<\/strong><\/strong><br>carolinacosme@ifsul.edu.br<br>Professora colaboradora<br><a href=\"http:\/\/lattes.cnpq.br\/0764874373528970\">Curr\u00edculo Lattes<\/a><\/p>\n<\/div>\n\n\n\n<div class=\"wp-block-column is-layout-flow wp-block-column-is-layout-flow\" style=\"flex-basis:20%\"><\/div>\n<\/div>\n<\/div>\n<\/div>\n<\/div>\n<\/div>\n\n\n\n<div style=\"height:30px\" aria-hidden=\"true\" class=\"wp-block-spacer\"><\/div>\n\n\n\n<div class=\"wp-block-columns has-ast-global-color-5-background-color has-background is-layout-flex wp-container-core-columns-is-layout-28f84493 wp-block-columns-is-layout-flex\">\n<div class=\"wp-block-column is-layout-flow wp-block-column-is-layout-flow\">\n<h2 class=\"wp-block-heading has-text-color\" style=\"color:#ee206e;font-size:30px\">Quem j\u00e1 participou do projeto<\/h2>\n\n\n\n<div style=\"height:42px\" aria-hidden=\"true\" class=\"wp-block-spacer\"><\/div>\n\n\n\n<p class=\"has-medium-font-size\">Anderson Brunetto Duarte<br>anderson.brunetto.duarte26@gmail.com<\/p>\n\n\n\n<p class=\"has-medium-font-size\">Bruna Freitas da Motta<br>brunafreitasmotta@gmail.com<\/p>\n\n\n\n<p class=\"has-medium-font-size\">Catarine Kemper<br>kempercata@gmail.com<\/p>\n\n\n\n<p class=\"has-medium-font-size\">Daniel Machado Marques Schilling<br>danielschilling.ssnfq@academico.ifsul.edu.br<\/p>\n\n\n\n<p class=\"has-medium-font-size\">Elidiane Duarte Machado<br>elidianedmachado@gmail.com<\/p>\n\n\n\n<p class=\"has-medium-font-size\">Giovana Oliveira Elesb\u00e3o<br>giovanaoliveiraelesbao@gmail.com<\/p>\n\n\n\n<p class=\"has-medium-font-size\">J\u00e9ssica Viganico Cardozo<br>jessicacardozo1710@gmail.com<\/p>\n\n\n\n<p class=\"has-medium-font-size\">Louren\u00e7o de Oliveira Basso<br>lourencobasso@ifsul.edu.br<\/p>\n\n\n\n<p class=\"has-medium-font-size\">Luis Carlos de Abreu Menezes<br>luiskamezes@gmail.com<\/p>\n<\/div>\n<\/div>\n\n\n\n<div style=\"height:42px\" aria-hidden=\"true\" class=\"wp-block-spacer\"><\/div>\n","protected":false},"excerpt":{"rendered":"<p>Projeto Literatura Acess\u00edvel Textos adaptados em Leitura F\u00e1cil Somos um projeto desenvolvido no IFSUL (Instituto Federal Sul-rio-grandense)no Campus Sapucaia do Sul, com o objetivo de tornar textos acess\u00edveisa pessoas com dificuldades de leitura.Em 2019 come\u00e7amos a pensar e pesquisar sobre adapta\u00e7\u00f5es de textos liter\u00e1riospara pessoas com dificuldades de leitura, especialmente com defici\u00eancia intelectual.Publicamos, ent\u00e3o, as &hellip;<\/p>\n<p class=\"read-more\"> <a class=\"\" href=\"http:\/\/ww3.sapucaia.ifsul.edu.br\/literaturaacessivel\/programa-literatura-acessivel\/\"> <span class=\"screen-reader-text\">Quem somos<\/span> Read More &raquo;<\/a><\/p>\n","protected":false},"author":4,"featured_media":0,"parent":0,"menu_order":2,"comment_status":"closed","ping_status":"closed","template":"","meta":{"site-sidebar-layout":"default","site-content-layout":"","ast-site-content-layout":"","site-content-style":"default","site-sidebar-style":"default","ast-global-header-display":"","ast-banner-title-visibility":"","ast-main-header-display":"","ast-hfb-above-header-display":"","ast-hfb-below-header-display":"","ast-hfb-mobile-header-display":"","site-post-title":"","ast-breadcrumbs-content":"","ast-featured-img":"","footer-sml-layout":"","theme-transparent-header-meta":"","adv-header-id-meta":"","stick-header-meta":"","header-above-stick-meta":"","header-main-stick-meta":"","header-below-stick-meta":"","astra-migrate-meta-layouts":"","footnotes":""},"class_list":["post-5","page","type-page","status-publish","hentry"],"_links":{"self":[{"href":"http:\/\/ww3.sapucaia.ifsul.edu.br\/literaturaacessivel\/wp-json\/wp\/v2\/pages\/5","targetHints":{"allow":["GET"]}}],"collection":[{"href":"http:\/\/ww3.sapucaia.ifsul.edu.br\/literaturaacessivel\/wp-json\/wp\/v2\/pages"}],"about":[{"href":"http:\/\/ww3.sapucaia.ifsul.edu.br\/literaturaacessivel\/wp-json\/wp\/v2\/types\/page"}],"author":[{"embeddable":true,"href":"http:\/\/ww3.sapucaia.ifsul.edu.br\/literaturaacessivel\/wp-json\/wp\/v2\/users\/4"}],"replies":[{"embeddable":true,"href":"http:\/\/ww3.sapucaia.ifsul.edu.br\/literaturaacessivel\/wp-json\/wp\/v2\/comments?post=5"}],"version-history":[{"count":56,"href":"http:\/\/ww3.sapucaia.ifsul.edu.br\/literaturaacessivel\/wp-json\/wp\/v2\/pages\/5\/revisions"}],"predecessor-version":[{"id":638,"href":"http:\/\/ww3.sapucaia.ifsul.edu.br\/literaturaacessivel\/wp-json\/wp\/v2\/pages\/5\/revisions\/638"}],"wp:attachment":[{"href":"http:\/\/ww3.sapucaia.ifsul.edu.br\/literaturaacessivel\/wp-json\/wp\/v2\/media?parent=5"}],"curies":[{"name":"wp","href":"https:\/\/api.w.org\/{rel}","templated":true}]}}